 6*u + 5*u**2 - 4*u + u**3 - 11. Give y(s).
6
Let w(k) = -2 - k**3 - 7*k + 4*k**2 + 3*k + k. Suppose 3*q - 6 = q. Determine w(q).
-2
Suppose 2 = -4*r - 14. Let g = r + 6. Let m(o) = 0 - 1 - 2*o**g - 3*o + o - o. Give m(-3).
-10
Let x(a) = -3 + 5 - 6*a**2 + 4 + 4*a + a**3. What is x(5)?
1
Let w(r) be the first derivative of 7*r**2/2 + 2*r - 1. Let o = 17 + -10. Suppose o = -4*p - x + 2, 3*x = 4*p + 17. Give w(p).
-12
Let o(l) be the third derivative of 0*l + 0 + 9*l**2 - 1/24*l**4 + 0*l**3. What is o(-2)?
2
Let w(b) = b**3 + 5*b**2 - 2*b - 4. Suppose 0 = -2*z - 4*l - 18, -6*z - 4*l - 28 = -2*z. What is w(z)?
6
Let p(b) = -10 - 3*b**2 - 5*b + 2*b**2 + 9. Let q = 3 + -1. Suppose -j + q*j = -3. What is p(j)?
5
Suppose 3 = -4*q - 1. Let l(k) = k - k**2 - 4*k**3 + 0*k**3 + 3*k**2. Give l(q).
5
Let f(z) = 7*z**2 + 2*z + 1. Suppose -i = -38 + 39. Calculate f(i).
6
Let j be (-5)/(-3)*1*3. Let k(q) be the second derivative of 1/2*q**3 + 3*q - 3*q**2 + 0. What is k(j)?
9
Suppose g = 3*g - 8. Let y(p) = -2 + 1 - p**3 - 2*p - 2 + 1 + g*p**2. Determine y(2).
2
Let y(c) = -c + 2. Let m be y(6). Let j be (-2 - 6/(-4))*m. Let i(v) = 0*v**2 + 5*v**2 + 1 - 2*v + 5*v**3 - 4*v**j. Determine i(1).
5
Let s(p) = -p**2 + p + 2. Suppose -2*u = -4*u + 6. Let k(n) = -n + u - 1 + 8 - 3. Let v be k(7). Give s(v).
2
Let h(y) = -4 - y + 3 - 8. Calculate h(0).
-9
Let q(g) = -g**2 - 1. Let i(b) = -6*b**2 - 2*b - 1. Let p(c) = i(c) - 3*q(c). What is p(-2)?
-6
Let z(v) be the third derivative of v**4/8 + 5*v**2. Calculate z(-2).
-6
Let i(d) = -d**2 + 4*d + 6. Let f be 1*(-3)/3*1. Let s be f - (5 + 1)*-1. Give i(s).
1
Let h(n) be the first derivative of n**4/4 + n**3/3 - 5*n**2/2 - 4*n + 33. What is h(-3)?
-7
Let k(l) be the first derivative of 2*l**3/3 + l**2/2 - 6. Let h(j) = j**2 + j - 1. Let u be h(1). Suppose 0 + u = -r. What is k(r)?
1
Let y(k) be the first derivative of 3*k**2/2 + 6*k + 26. Give y(-6).
-12
Let r(v) be the third derivative of v**4/24 + 5*v**3/6 - 34*v**2. Let c be 2/3*(-1 + -11). Let h = c + 3. Give r(h).
0
Let c = 1 - -3. Let h(q) = q**3 - 4*q**2 - 2*q + 4. Give h(c).
-4
Let r(z) be the first derivative of z**2/2 + 7*z + 40. Calculate r(-3).
4
Let w(m) = -11*m + 10. Let v(n) = 3*n - 3. Let j(b) = 7*v(b) + 2*w(b). What is j(7)?
-8
Let k(o) = 0*o + 3*o**2 + 0*o - 2 + o + 1. Suppose 0 = 5*x + 10. Determine k(x).
9
Suppose -6*f + 15 = 3. Let u(k) = 3*k**f - 6*k - 5 - 2*k**2 + 8. Calculate u(6).
3
Let o(q) be the first derivative of -q**3/3 + 3*q**2/2 - 3*q - 7. Calculate o(5).
-13
Let u be (2/(-12))/(3/(-18)). Let t(k) = 16*k**3 - k**2 + 1. Calculate t(u).
16
Let c(p) = -3*p**2 + 3*p - 4*p + p**3 - p**2. Give c(3).
-12
Let m be ((-4)/(-10))/((-1)/(-15)). Suppose -m*z = -2*z + 12. Let f(h) be the third derivative of -h**4/24 + 2*h**3/3 + 4*h**2. Determine f(z).
7
Let r(g) = g - 10. Let t = -18 + 18. Give r(t).
-10
Let p(j) = 2*j**3 - 3*j**2 + 2*j. Let r(l) = -l**3 - 5*l**2 + 6*l. Let k be r(-6). Let t be 3 - 3/(3 + k). Calculate p(t).
8
Let i(x) = -6*x - 14*x**3 + 8*x + 21*x**2 - 22*x**2 - 1. Calculate i(1).
-14
Let i(j) = j**2 - 12*j + 4. Let g(v) = -3*v**2 + 35*v - 13. Let b be ((-8)/5)/(6/(-15)). Let l(o) = b*g(o) + 11*i(o). What is l(6)?
4
Let x(u) = -u**2 + u**2 - 4*u + u**2. Suppose -h = -4 - 1. Suppose 0 = 3*f + 5*g - 11, 5*f - 4*g - h = g. Determine x(f).
-4
Let p(a) = a**3 + a**2 + 1. Let j(k) = 4*k**3 + 22*k**2 + 19*k - 20. Let t(g) = j(g) - 5*p(g). Let q be t(18). Let f(d) = -d**3 - 7*d**2 - 5. What is f(q)?
-5
Let i(p) = 2*p**2 - 1. Let w(o) = -6*o**3 + 7*o**3 - 7 - 4*o - 5*o**2 - o. Let g be w(6). Determine i(g).
1
Let k(i) be the second derivative of -i**5/20 + i**4/3 - i**3/3 + 3*i**2/2 - 6*i - 4. Give k(3).
6
Let m(a) = -7*a - 5. Let d(g) = 13*g + 9. Let b(z) = 4*d(z) + 7*m(z). Determine b(1).
4
Let q(y) = -5*y**2 - 13*y + 11. Let l(f) = 2*f**2 + 5*f - 4. Let c(s) = -8*l(s) - 3*q(s). Give c(0).
-1
Let m(g) = -2*g - 4. Suppose 3 - 7 = -4*z. Suppose -z - 3 = -d. Calculate m(d).
-12
Suppose -j - 3*i = 4, 3*i = j + 2*j. Let r(q) = 7*q**2 + q + 1. What is r(j)?
7
Let v(u) = 2*u + 4. Let t be v(4). Suppose 0 = 3*i - 7*i - t. Let n(b) = b - 4 + 5 - 2. What is n(i)?
-4
Let l be (-4)/14*1 - 240/(-56). Let v(w) be the third derivative of w**6/120 - w**5/12 + w**4/4 - w**3 - w**2. What is v(l)?
2
Let c(y) = -7*y - 11 + 17*y + 11. Give c(-1).
-10
Let x(l) = 20*l**2 - 67*l - 47. Let m(d) = -7*d**2 + 23*d + 16. Let a(u) = 17*m(u) + 6*x(u). What is a(12)?
2
Let h(d) = 3*d**2 - 3*d + 4. Let r(v) = -v**2. Let w(t) = h(t) + 4*r(t). Let g(k) = -k - 3. Let c be g(-5). Suppose -c*a = 2*a + 20. Determine w(a).
-6
Suppose 3*p - 4 = 8. Let n be 0*2/p - 0. Let b(l) be the first derivative of l**3/3 - l**2/2 + 7*l + 2. Calculate b(n).
7
Suppose -8 + 16 = 4*v. Let n(o) = 10*o - v*o**2 - 6*o - 1 - 5*o. Suppose y + 0 + 2 = 0. Calculate n(y).
-7
Let n(y) = 2*y**2 + 3*y - 3. Let l(z) = -2*z + 6. Let m be l(5). Let k = -7 - m. Give n(k).
6
Let a = 6 - 7. Let l(b) = -4*b**2 - b - 1. Give l(a).
-4
Let u(j) = -3*j - 12. Let k be u(-5). Suppose k*t = t - 12. Let x(z) = z**2 + 6*z + 8. Determine x(t).
8
Let v(p) = 7*p**2 - p - 1. Let i(w) = w**2 + 6*w. Let n be i(-6). Suppose n = c - 3*c - 2. Calculate v(c).
7
Let q(n) = -6*n**2 + 4*n. Let g(w) = 5*w**2 - 3*w. Let a(c) = -5*g(c) - 4*q(c). Let r = 4 - 2. Let o be r - (-1 - (-4 + -2)). Give a(o).
-6
Let u(v) = -8 - 7*v**3 + 0 + 6*v**3 - v. Determine u(0).
-8
Suppose 3 = -2*t + 5. Let s(b) = -6*b - t + 1. What is s(-1)?
6
Let d(y) be the second derivative of -y**3/6 - y**2 - y + 7. Calculate d(-6).
4
Suppose 4*z - 5 - 3 = 0. Let x(c) = -2 + 1 + z - 2*c**2 - 7*c - 5. Give x(-4).
-8
Let l = -9 + 15. Let n = 6 - l. Let f(a) = -a**2 - a + 2. What is f(n)?
2
Let n be 4/10 + (-8)/(-5). Let m(b) = 2 + n*b + 3 - 1. Determine m(4).
12
Let h(c) = -c**2 - 3*c + 2. Let g be ((-6)/15)/(6/60). Let z(x) = x**3 + 5*x**2 + 5*x - 1. Let u be z(g). Determine h(u).
-8
Let j = -4 + 6. Let b(i) = -3 - j + 4 - i. Let g be b(0). Let y(w) = w**3 + 2*w + 1. Give y(g).
-2
Let b be (-2)/((-3)/(-12)*-2). Suppose 0*o + b*o = -16. Let t(m) = 2*m + 0 + 1 + 2*m - 5*m. What is t(o)?
5
Let m = -5 + 9. Suppose k - 2*o + 14 = 3*o, o - m = -k. Let d(h) = -8*h**3 - h + 1. Calculate d(k).
-8
Let h(n) = 2*n**3 - 3*n**2 + 19*n - 3. Let t(k) = -k**3 + k**2 - 9*k + 1. Let l(m) = -6*h(m) - 13*t(m). Calculate l(-4).
9
Let u(b) be the second derivative of 0 + 1/6*b**3 - 3*b + 2*b**2. Calculate u(-3).
1
Let h be -8 + -4 + (-10)/(-2). Let d(w) = 9*w. Let r(i) = -36*i. Let u(v) = -5*v. Let y(j) = 6*r(j) - 44*u(j). Let p(q) = h*y(q) + 3*d(q). Give p(1).
-1
Let j(s) = 2*s + 4. Suppose 38 = 3*h - t, h + 9*t = 4*t + 18. Suppose h + 3 = -4*c. Calculate j(c).
-4
Let h(g) = -g**2 + 7*g + 3. Let c be h(8). Let z(k) be the third derivative of k**6/120 + k**5/15 - 5*k**4/24 + k**3/3 - 4*k**2. Give z(c).
2
Let q(u) be the third derivative of u**6/120 + u**5/15 - u**4/6 + u**3/2 - 3*u**2. Determine q(-5).
-2
Let n(c) = c**3 - 4*c**2 - 3. Let u be n(4). Let b = u - 2. Let y be (-7)/b - (-2)/(-5). Let q(f) = -4*f. What is q(y)?
-4
Let h(m) = -m - 4*m**2 + 7*m**2 - 5*m**2 + m**2 + 3. Calculate h(-3).
-3
Let r(l) = l - 1. Suppose 3 = -z, 4*k - 2*z + 3 + 7 = 0. Give r(k).
-5
Let i(f) = -2*f**2 + f**2 - 3 - 4*f**2 - 3*f + 4*f**2. Let h = 18 - 14. Suppose -3*y + 4 = 8*c - 4*c, -h*c + 8 = 2*y. Calculate i(y).
-7
Let r be (-6)/(-2) + (-3 - 0). Suppose 0*b + 6 = 2*b. Let z(i) = -i + 3*i - b*i + 2 + 2*i. Calculate z(r).
2
Let p(z) be the third derivative of -z**5/60 - z**4/8 - z**3/2 - 13*z**2. What is p(-5)?
-13
Let q(y) = y**3 + 5*y**2 + 4*y - 1. Let h be q(-4). Let m be (3 - (3 - h))*-4. Let n(v) = -v**3 + 3*v**2 + 3*v - 4. Determine n(m).
-8
Let p(z) = z**3 - 3*z**2 + 3*z - 4. Let g be p(3). Let j = g - 3. Let d(o) = o - 2. Determine d(j).
0
Suppose -2*g = 4*g. Let i(y) = y + 3. Determine i(g).
3
Suppose 2*u + 4 = 4*a - 2, -4*u + 4*a = 12. Let p(t) be the second derivative of -t**3/6 - 3*t**2 - 20*t. Calculate p(u).
-3
Let l be 4/10 + (-110)/25. Let r(c) = -4*c - 5. Give r(l).
11
Let x(q) = 5*q - q - 5 - 5*q + 0*q. Let o be x(-4). Let m(f) = -13*f - 1. What is m(o)?
12
Suppose -15 = -4*q + 2*q - 5*n, -q + 7 = 2*n. Suppose p - q*p = 0. Suppose -z - 4*d - 20 = p, -8 = 3*z - 5*d + 4*d. Let b(r) = r**